 - 126 = 5*p. Let y be (0 - -12)/((-28)/p). What is the greatest common divisor of 6 and y?
3
Suppose -4*y + 8*y - 448 = 4*g, 0 = -y - 4*g + 132. Let f = -104 + y. Calculate the highest common divisor of f and 12.
12
Suppose -x - 4*m + 905 = 0, 3*x - m + 4582 = 8*x. Calculate the greatest common divisor of 7 and x.
7
Let q be ((-68)/119)/((-2)/49). What is the highest common divisor of q and 728?
14
Let g be 145/(-58)*(-440)/(1 - -3). Let h be (0 - -1)*(-75)/(-3). Calculate the highest common factor of g and h.
25
Suppose 4*o + 37 = -5*i - 0, -3*i + 13 = -2*o. Let c = 33 + o. Suppose 5*j - 4*j = c. Calculate the greatest common factor of j and 5.
5
Suppose -5*j = -4*v + 333 + 208, -655 = -5*v + 2*j. What is the greatest common factor of 1032 and v?
129
Suppose 0 = -2*i + 65 + 25. Suppose -z = 2*w - i, 2*z = w - 2*z. What is the greatest common divisor of 20 and w?
20
Let v(k) = -2*k**2 - 8*k - 6. Let q be v(-5). Let j = -12 - q. Let p = 1 + j. Calculate the highest common divisor of p and 2.
1
Let m(g) be the second derivative of -g**5/20 - 3*g**4/2 - 17*g**3/6 + 11*g**2/2 - 13*g. Let n be m(-17). What is the highest common divisor of n and 121?
11
Let c be 8/(-16)*-2*(128 - 1). Let d = c - 62. What is the greatest common divisor of 26 and d?
13
Let p = -1 + -8. Let i(v) = 2*v**2 - 6*v + 16. Let r be i(5). Let d be p/(r/(-40)) - 2. Calculate the highest common divisor of 72 and d.
8
Let f be (-58)/(-5) + (-6)/(-15). Let u be -2 - -9*(-3 + (-28)/(-12)). Let l be (4/(-6))/(-3 - u/3). Calculate the greatest common divisor of l and f.
2
Let j(d) = 2*d**2 - 19*d - 19. Let k(i) = -3*i**2 + 39*i + 37. Let w(c) = -5*j(c) - 3*k(c). Let v be w(-20). Calculate the highest common divisor of 36 and v.
12
Suppose 0 = -4*s + 1685 + 331. Suppose -4*j - s = -6*j. Calculate the highest common divisor of 36 and j.
36
Let w(d) be the third derivative of d**6/120 + 11*d**5/30 - 23*d**4/24 + 3*d**3 - 29*d**2. Let z be w(-23). Calculate the highest common divisor of z and 9.
9
Let h be (-22)/(-6) + -3 + 14/6. Suppose 54 = h*l + 4*x, 0 = 3*l + 5*x - 7 - 47. What is the greatest common factor of 126 and l?
18
Let g be (-4 - (-245)/20) + (-6)/(-8). Suppose g*h - 6*h = 15. Calculate the greatest common divisor of h and 25.
5
Suppose 0 = -8*c + c + 126. Let b be ((-1336)/(-16))/((-2)/(-4)). Suppose -w + b = -31. Calculate the greatest common divisor of c and w.
18
Let k = -145 + 106. Let t be -1*1 - (k - 10). What is the highest common factor of t and 36?
12
Suppose 0 = -2*o - 3*a, o + o + a - 4 = 0. Suppose 3 = o*s, 4*s - 1 = -v + 5. Calculate the greatest common divisor of 4 and v.
2
Let h be (-177)/(-4) + 4/(-16). Let u = h + -17. What is the greatest common factor of u and 297?
27
Let p = 18 + -50. Let y be (-1324)/(-17) + p/(-272). What is the highest common factor of y and 13?
13
Suppose -16 = -2*b - i, 11 = -5*b + i + 58. Calculate the highest common factor of b and 63.
9
Let i be ((-17)/(-17))/(4/8). Calculate the greatest common divisor of i and 13.
1
Let h(o) = 4*o**2 - 9*o + 90. Let j be h(12). Calculate the highest common factor of j and 62.
62
Suppose -2*w = 3*g - 8 + 164, -2*w = 0. Let v = 4 + -10. Let i be (21/v)/(2/g). Calculate the highest common factor of i and 13.
13
Suppose 75 = b - 4*y, -4*b + 2*y + 263 - 33 = 0. What is the highest common divisor of 60 and b?
5
Suppose -3*l - 2*k + 888 = 0, 2*l - 591 = 42*k - 43*k. What is the highest common divisor of l and 210?
42
Let r be (-682)/4 + (-6)/(-4). Let h = -57 - r. Let l be (3 + -31)*1/(-2). What is the greatest common divisor of l and h?
14
Let k(u) = -u**3 + 7*u**2 + 10*u - 10. Let b be k(8). Let y be ((-3)/2)/((-3)/(-8)). Let n = 6 + y. What is the greatest common divisor of b and n?
2
Suppose a = 6*a + 5. Let z(l) be the third derivative of -l**6/24 + l**5/60 - l**3/6 + 25*l**2. Let o be z(a). Calculate the highest common factor of 5 and o.
5
Let v = 16514 + -16504. Let g = -5 - -35. What is the greatest common factor of v and g?
10
Suppose 158*w = 172*w - 336. Calculate the greatest common factor of w and 9.
3
Let z = 38 - 14. What is the highest common divisor of z and 96?
24
Suppose 30 = 3*p + m - 4*m, 0 = 3*m. Let t be ((p - 2)*-1)/((-2)/14). What is the greatest common divisor of t and 140?
28
Suppose -6*x + 4*k + 272 = -2*x, -2*x - k + 133 = 0. What is the highest common divisor of x and 67?
67
Let y be -4 - (-1)/((3/(-29))/3). Let b be ((-4)/(-3))/(8/(-84)). Let x = b - y. Calculate the greatest common factor of 76 and x.
19
Let v = -1 + 85. Let q be 131/2 + (-5)/10. Suppose 15*b + q = 905. What is the greatest common factor of v and b?
28
Suppose -b + 6*p - 3 = 9*p, 41 = 3*b - p. Let a(z) = 7*z - 50. Let q be a(b). Calculate the greatest common factor of 85 and q.
17
Let y(x) = 6*x - 12. Let p(c) = -c - 26. Let d be p(-12). Let v be y(d). Let r be v/(-15) + (-4)/10. What is the greatest common divisor of 48 and r?
6
Suppose -5*z = 5*y - 140, -2*z = -9 + 19. Calculate the greatest common divisor of y and 209.
11
Suppose 3*s - 15 = -3*g, -s + 0*s = -5*g + 37. Let q(o) = o**3 - 8*o**2 + 10*o - 6. Let x be q(g). What is the greatest common divisor of x and 60?
15
Suppose -5*t = -c + 35, 43 = c - 9*t + 12*t. Let h be 1*14 + 7 + -5. What is the highest common divisor of h and c?
8
Suppose -920 + 333 = -3*q + v, -3*q + 583 = v. Calculate the greatest common divisor of q and 255.
15
Suppose -z = -2*y + 12, -3*z + 22 - 3 = 5*y. Suppose -y*v + 10 = 3*t - 16, t = 2*v + 16. Calculate the highest common divisor of t and 3.
3
Let t(u) = -249*u**3 - 4*u - 5. Let h be t(-1). What is the highest common divisor of 31 and h?
31
Let q(v) = -6*v - 102. Let a be q(-29). Calculate the highest common divisor of 162 and a.
18
Let g = -24 - -392. Let y = -178 + g. Calculate the highest common factor of y and 38.
38
Let s(c) = 17*c - 3. Let f be s(4). Suppose 16 = 5*h + 11. Let z be h/2*(8 - -18). What is the highest common divisor of z and f?
13
Let c(x) = -x**3 - 6*x**2 + 1. Let s be c(-6). Let b = 59 + s. Suppose 3*l = 5*l - b. What is the greatest common divisor of 75 and l?
15
Let j = 28 - 10. Suppose -t = 4*c - 3 - 9, c - 5*t = -j. Suppose 0 = 4*h - 16, -y - 4*y + 292 = -c*h. Calculate the highest common divisor of 20 and y.
20
Suppose 3*u - v = 28 + 23, -4*v - 76 = -4*u. Suppose -k - 13 = -4*o + 15, -o - 2*k + u = 0. Calculate the greatest common divisor of 56 and o.
8
Let c(t) = 8*t - 33. Let s be c(5). Calculate the greatest common divisor of 77 and s.
7
Let u = -377 - -392. Suppose -20 = -5*z + z. What is the highest common factor of z and u?
5
Let w(a) = 5*a + 145. Let d be w(-17). Calculate the highest common factor of d and 480.
60
Let w be ((-3)/(-2) - 2)*4. Let p be -1*5 - (w + 3). Let k = p - -14. Calculate the highest common divisor of k and 1.
1
Suppose 3*s = 4*l - 62, -l - 66 - 23 = 4*s. Let h = s - -13. Let x(f) = -5*f + 5. Let c be x(h). What is the greatest common divisor of 10 and c?
10
Let i(y) be the second derivative of -y**4/12 + y**3/2 - y**2/2 + 3*y. Let l be i(2). Let m = -73 + 76. What is the highest common factor of m and l?
1
Suppose -2*v + 18 = 3*m, -4*m = -0*v + 2*v - 16. Suppose -4*x = o - 2*o + 28, 35 = -5*x + 4*o. Let b = v - x. What is the highest common factor of 209 and b?
19
Let r(c) = -c**3 + 15*c**2 + c - 6. Let n be r(15). Let j = n - -1. Let f = 25 - j. What is the highest common divisor of 10 and f?
5
Let m(s) = 2*s**2 + 23*s. Let w(r) = r**2 + 12*r. Let x(q) = 6*m(q) - 13*w(q). Let a be x(-6). What is the highest common divisor of 36 and a?
36
Let f = 131 + -88. Suppose -313 + f = -9*q. Calculate the highest common factor of 10 and q.
10
Suppose 0 = -5*c + 339 - 69. Calculate the greatest common factor of c and 318.
6
Suppose -k = -3*f - 58, 2*k - 7*f = -8*f + 88. Calculate the highest common factor of k and 736.
46
Let w = 1475 - 1421. Calculate the highest common divisor of w and 270.
54
Let b be 3 + 14 + -3 + 1. Let n = b - 7. Suppose -n = -p + 12. Calculate the highest common factor of p and 10.
10
Let d(b) = 15*b + 1. Let l(y) = 16*y + 2. Let j(h) = 4*d(h) - 3*l(h). Let i be j(2). What is the highest common factor of i and 55?
11
Suppose 121 = 36*q - 743. Calculate the greatest common divisor of 51 and q.
3
Suppose b + 4*c + 0*c - 4 = 0, -b = -2*c + 2. Suppos